 is the highest common factor of 2502 and 1702611?
1251
What is the highest common factor of 13052 and 26?
26
What is the highest common divisor of 20080 and 2480?
80
What is the greatest common divisor of 5316 and 11766?
6
Calculate the highest common factor of 23784 and 60.
12
What is the greatest common divisor of 180 and 1438900?
20
Calculate the highest common divisor of 35 and 113015.
35
Calculate the greatest common divisor of 760 and 413060.
380
What is the highest common divisor of 149124 and 2?
2
What is the greatest common factor of 3078 and 589?
19
What is the greatest common factor of 304 and 45068?
76
Calculate the greatest common divisor of 759657 and 1629.
543
Calculate the highest common divisor of 1786 and 49400.
38
What is the greatest common factor of 436608 and 9?
9
What is the highest common divisor of 554048 and 2?
2
Calculate the greatest common divisor of 167369 and 1426.
31
What is the greatest common divisor of 3129 and 767499?
447
Calculate the highest common factor of 344 and 14534.
86
Calculate the greatest common factor of 33017 and 7471.
241
What is the highest common factor of 1112 and 194044?
556
Calculate the highest common factor of 12691 and 4366.
37
What is the highest common factor of 23360 and 9280?
320
What is the highest common divisor of 392891 and 43?
43
Calculate the greatest common factor of 31384 and 8.
8
What is the highest common factor of 7860 and 4020?
60
What is the highest common divisor of 1 and 19180?
1
What is the highest common factor of 587 and 308762?
587
What is the highest common divisor of 313518 and 6?
6
What is the highest common factor of 1131928 and 2233?
203
What is the highest common factor of 4512 and 4888?
376
Calculate the greatest common factor of 78 and 2962076.
26
Calculate the greatest common factor of 2772 and 22974.
42
Calculate the greatest common factor of 43775 and 75.
25
What is the highest common divisor of 1432 and 1101208?
1432
What is the highest common factor of 399 and 5068?
7
What is the highest common divisor of 6582292 and 218?
218
Calculate the highest common divisor of 46410 and 945.
105
Calculate the greatest common factor of 25135 and 5335.
55
What is the highest common divisor of 1971 and 333?
9
What is the greatest common divisor of 677 and 3215750?
677
Calculate the highest common divisor of 8550 and 200.
50
Calculate the highest common factor of 144 and 50022.
18
Calculate the greatest common factor of 284718 and 2562.
42
What is the highest common factor of 168103 and 6097?
871
What is the highest common factor of 3010 and 50267?
301
What is the highest common factor of 39894 and 96792?
654
What is the greatest common factor of 15 and 32295?
15
What is the greatest common divisor of 2060 and 540?
20
Calculate the greatest common factor of 138 and 151294.
46
What is the highest common divisor of 136514 and 25472?
398
Calculate the greatest common divisor of 105589 and 319.
319
What is the greatest common divisor of 80080 and 52?
52
What is the highest common factor of 1955 and 2300?
115
Calculate the greatest common factor of 14 and 80808.
14
What is the highest common factor of 60984 and 56?
56
Calculate the highest common divisor of 139281 and 221.
17
What is the highest common divisor of 974 and 9210631?
487
What is the highest common divisor of 47676 and 1392?
348
What is the highest common divisor of 386890 and 70?
70
Calculate the greatest common factor of 3443 and 88.
11
What is the greatest common factor of 280 and 367010?
70
What is the highest common divisor of 11754 and 54?
18
What is the highest common divisor of 1631695 and 2535?
845
Calculate the highest common factor of 5325 and 10224.
213
Calculate the greatest common factor of 73667 and 41107.
407
Calculate the highest common divisor of 1071 and 16303.
119
Calculate the greatest common divisor of 868 and 313999.
217
Calculate the greatest common factor of 3439705 and 555.
185
Calculate the highest common factor of 594 and 919094.
22
Calculate the greatest common divisor of 84591 and 117.
117
Calculate the greatest common divisor of 23150 and 3200.
50
Calculate the highest common divisor of 16753408 and 128.
128
What is the greatest common divisor of 1027290 and 6?
6
What is the highest common divisor of 144 and 382068?
36
What is the highest common factor of 5904 and 108?
36
Calculate the highest common factor of 5850 and 8880.
30
What is the greatest common factor of 415 and 8549?
83
What is the highest common factor of 42 and 76902?
42
Calculate the greatest common divisor of 16744 and 3703.
161
What is the greatest common factor of 21950 and 4900?
50
Calculate the greatest common factor of 4232081 and 98.
49
Calculate the greatest common divisor of 36930 and 9.
3
Calculate the highest common divisor of 1650 and 16.
2
What is the highest common divisor of 177558 and 606?
606
What is the highest common factor of 86208 and 448?
64
What is the greatest common divisor of 305 and 5368?
61
What is the greatest common divisor of 19953 and 108?
27
Calculate the highest common factor of 204 and 19578.
6
Calculate the greatest common factor of 5187 and 585.
39
What is the highest common factor of 867261 and 23?
23
What is the highest common divisor of 301636 and 8?
4
Calculate the highest common factor of 144 and 118152.
72
What is the greatest common factor of 745 and 85824?
149
What is the highest common factor of 161220 and 440?
20
Calculate the greatest common factor of 240 and 464864.
16
What is the greatest common divisor of 216 and 1112?
8
Calculate the highest common factor of 488079 and 81.
27
What is the highest common divisor of 867 and 195653?
289
What is the greatest common divisor of 32696 and 1072?
536
What is the highest common divisor of 6006800 and 600?
200
Calculate the highest common divisor of 9 and 4383.
9
Calculate the greatest common divisor of 29 and 4003102.
29
What is the highest common factor of 1476 and 503193?
123
Calculate the highest common divisor of 462 and 5467.
77
What is the highest common divisor of 6721 and 533?
13
Calculate the greatest common factor of 109287 and 207.
9
What is the highest common factor of 43550 and 3445?
65
Calculate the highest common divisor of 80498 and 66.
22
Calculate the greatest common factor of 7413 and 3486.
21
Calculate the greatest common factor of 184392 and 18.
18
Calculate the greatest common divisor of 110 and 50870.
10
What is the highest common divisor of 1976 and 525369?
247
What is the greatest common divisor of 294 and 65226?
42
Calculate the greatest common factor of 406026 and 412.
206
Calculate the highest common divisor of 44464 and 224.
112
What is the highest common factor of 6776 and 61096?
56
Calculate the greatest common divisor of 186637 and 1034.
517
Calculate the greatest common divisor of 103145 and 12005.
245
What is the greatest common factor of 84 and 11319?
21
What is the highest common divisor of 4200 and 196?
28
What is the greatest common divisor of 314170 and 7120?
890
What is the highest common divisor of 6456 and 9120176?
2152
What is the greatest common factor of 307318 and 33550?
1342
Calculate the highest common divisor of 65389 and 161.
23
Calculate the greatest common factor of 350 and 173200.
50
What is the highest common factor of 5535 and 1517?
41
Calculate the greatest common factor of 36 and 48186.
18
Calculate the greatest common factor of 95160 and 9.
3
Calculate the greatest common divisor of 65 and 3875.
5
Calculate the highest common factor of 34 and 1146514.
34
What is the greatest common divisor of 55205 and 1525?
305
Calculate the greatest common divisor of 61731 and 1368.
171
Calculate the greatest common factor of 2310 and 563970.
330
Calculate the greatest common factor of 4917 and 231.
33
Calculate the highest common divisor of 264384 and 48.
48
What is the highest common factor of 13110 and 1086819?
1311
What is the greatest common divisor of 1664 and 10?
2
What is the highest common factor of 5675 and 1415?
5
What is the highest common divisor of 52 and 7152?
4
What is the greatest common factor of 214703 and 53?
53
Calculate the highest common factor of 15 and 5095095.
15
What is the highest common divisor of 1122 and 81294?
102
What is the highest common div